 2*v**3 + 5*v**j + 6*v**2 - v - 2*v**3. List the prime factors of p(-6).
7
Let q(j) = j**2 - 5*j - 12. Let v be q(10). Let x = v - 26. What are the prime factors of x?
2, 3
Let d(r) = r**2 + 8*r + 4. Let g be d(-6). Let f be (-9)/3 - (-2 - 26)/4. List the prime factors of (15/f)/((-3)/g).
2, 5
Let j = 32 - 14. Suppose 4*q + 7*b - 2*b + 20 = 0, 5*b + 20 = -3*q. Suppose -2*p + j = -q*p. List the prime factors of p.
3
Let f be 33/7 - 10/(-35). Suppose -14 + 34 = m + 5*x, -f*x - 70 = -5*m. What are the prime factors of m?
3, 5
Let k(f) = -f**3 - 7*f**2 - 9*f - 8. What are the prime factors of k(-6)?
2, 5
Let y = -5 - -6. Let g be (1/y - 2)*0. Suppose 4*t = -c + 20, 0 = 3*t - 9 - g. What are the prime factors of c?
2
Let z = -3 - -6. List the prime factors of (-1)/((-6 + z)/6).
2
What are the prime factors of (31 - 8)*1/1?
23
Let i(p) = p**2 - 1. Let k(g) = -4*g**2 + 12*g + 11. Let x(b) = 3*i(b) + k(b). What are the prime factors of x(6)?
2, 11
Let h be (-1)/(((-2)/6)/1). Suppose -4*i - 64 = -3*d, -2*d - 4*i + 96 = h*d. Let j = 30 - d. List the prime factors of j.
2, 5
Let t = -75 + 111. Suppose -5*k + t = -k. Suppose -k = -a - 2*a, a + 37 = 4*z. What are the prime factors of z?
2, 5
Let v(j) = j**3 - 10*j**2 - 10*j + 5. Let n be v(11). Suppose -s = -2*s + n. List the prime factors of s.
2
Let i = 180 - 72. What are the prime factors of i?
2, 3
What are the prime factors of (-19 + 17)*(-54)/1?
2, 3
Let m be 1*(2 - (1 - 0)). List the prime factors of (22/2 + -3)/m.
2
Let o be (-16)/3 - (-4)/(-6). What are the prime factors of 201/7 + o/(-21)?
29
Let g be (-52 + -2)/(-2*1). Let d be ((-1)/1)/((-1)/(-19)). Let l = g + d. List the prime factors of l.
2
Let g(h) = -h**3 - 6*h**2 + 5*h + 4. Let a be g(-7). Let z = -9 + a. What are the prime factors of z?
3
Suppose 5*d - 4 - 6 = 0. What are the prime factors of -1 + (-1 - -87)/d?
2, 3, 7
Suppose 45 = -3*t + 279. What are the prime factors of t?
2, 3, 13
Let l be 2/3 - 139/(-3). Let i = -24 + l. What are the prime factors of i?
23
Let n = 20 - 3. What are the prime factors of n?
17
Let l = -17 + 17. Suppose l = -2*b + b + 36. What are the prime factors of b?
2, 3
Suppose -5*u - 78 = -k + 2, 0 = -3*u - 15. What are the prime factors of k?
5, 11
Let g = 44 + -1. List the prime factors of g.
43
Let w(s) = 0*s - s + 7 + 0*s. Let x be w(7). Let v(h) = -h + 6. What are the prime factors of v(x)?
2, 3
Let b(n) = 10*n - 2. Let o be b(-2). What are the prime factors of (-784)/(-44) + (-4)/o?
2, 3
Let j(k) = k**2 - 7. What are the prime factors of j(5)?
2, 3
Let n(d) = 3*d**2 - 2*d. What are the prime factors of n(4)?
2, 5
Suppose 0 = a + 2*k - 1, a = k - 4*k. Suppose 5*g - 3*f - 31 = 0, -8 = g - a*g - f. List the prime factors of g.
5
Let r = 0 - 1. Let p be 2/6 + r/3. Suppose p = 2*s - 5*o - 19, -5*o - 4 = -s - 2. What are the prime factors of s?
17
Let g(l) = 2*l**3 - 3*l**2 - 2*l - 6. What are the prime factors of g(3)?
3, 5
Let q be (-10)/(-3)*18/15. Suppose -75 = -d - q*d. What are the prime factors of d?
3, 5
Suppose 4*j - 384 = 2*k, k - 5*k = 0. Let f = -68 + j. Suppose 4*b - 4 = f. What are the prime factors of b?
2
Suppose -4*w + 28 = 4*u, u + u = -w + 2. Suppose 3*n - 66 - w = 0. What are the prime factors of n?
2, 13
Let i = 41 + -5. Suppose v = -5*q + i, -2*v - 4*q + 72 = -5*q. List the prime factors of v.
2, 3
Let c be ((-30)/(-8))/(1/(-4)). Let i = -6 - c. What are the prime factors of i?
3
What are the prime factors of (22/(-4) + 4)/((-3)/200)?
2, 5
Let f(n) = n**3 + 11*n**2 + 12*n - 5. Let v be f(-10). List the prime factors of (-1)/(v/(-13) - 2).
13
Let j(o) be the second derivative of o**3/6 - 13*o**2/2 - 4*o. Let n be j(9). List the prime factors of n*(-3 + (-15)/(-6)).
2
Let d = 2 + 2. Suppose y = -d*y + 25. What are the prime factors of y?
5
Suppose 2*t = 3*s - 4, 3*t + 2 - 7 = -s. Suppose -2*o = -5*k + 19, 5*o + 2 = -s*k - 2. Suppose -2*h - 5 = -k*h. What are the prime factors of h?
5
Let j = 11 + 21. List the prime factors of j.
2
Let b be 456/28 - 4/14. Suppose 4*d + 0*d - 16 = 3*i, 0 = 4*d + i - b. Suppose -j - 24 = -d*j. List the prime factors of j.
2
Let y = -11 + 15. Suppose -1 - 7 = y*r. What are the prime factors of (20/(-6) - r)*-6?
2
Let w(s) = -s**3 - 4*s**2 + 2*s - 2. Let j = -7 + 2. What are the prime factors of w(j)?
13
Suppose -3*f = a - 77, a = -5*f - 4*a + 135. What are the prime factors of f?
5
Let c(x) = -x**2 - 18*x + 34. List the prime factors of c(-17).
3, 17
Let v(n) = -6 + 5*n**3 + 3*n - 2*n**3 - 4*n**3 + 4*n**3 + 5*n**2. Let r(q) = q**3 + q - 1. Let d(m) = 2*r(m) - v(m). List the prime factors of d(-5).
3
Let z be (-11)/(-22) + 9/2. Suppose 6 = z*r - 19. List the prime factors of r.
5
Suppose 3*k - 7*k = -16. Suppose -6*t + 26 = -4*t + k*l, 4*l - 39 = -3*t. What are the prime factors of t?
13
Let o(g) = -7*g - 3. Let u be 1/(11/5 + -2). Suppose r - u = -7. What are the prime factors of o(r)?
11
Let h(v) be the first derivative of v**2 - 12*v - 2. Let g be h(8). List the prime factors of ((-1)/(-2))/(1/g).
2
Suppose 3*v = -v. Suppose 0 = 4*c + 2*k - 194, v = 3*c - 5*c - 5*k + 101. What are the prime factors of c?
2, 3
Suppose -4*a + 90 = a. Let o = -7 + a. List the prime factors of o.
11
Let h(w) = 3*w - 21. Let y(q) = -q + 6. Let x(d) = -5*h(d) - 18*y(d). List the prime factors of x(2).
3
Suppose 4*g = 3*x + 3*g + 19, x + 3*g = -23. What are the prime factors of (16/(-3))/(x/12)?
2
Let d(c) = 4*c**2 - 4*c + 17. What are the prime factors of d(4)?
5, 13
Suppose 6 = -i + 21. Suppose 5*d = i, d + 69 = 4*r + 4*d. List the prime factors of r.
3, 5
Suppose 3*b + 2*b = -3*z - 14, -4*z + 5*b = -28. Suppose -z*o = -o. Suppose -4*f - 29 = -5*q - f, -5*q - 4*f + 8 = o. List the prime factors of q.
2
Let r(s) be the first derivative of 3*s**3 + 1 + 0*s**3 - s**3. List the prime factors of r(-1).
2, 3
Let q(j) = 2*j**3 - 9*j**2 - 8*j - 10. What are the prime factors of q(7)?
179
Let m(p) = -p**3 + 5*p**2 + 6*p + 4. Let d be m(6). Suppose -20 = -3*s + 5*h, 4*s + h = 2*h + d. Suppose -2*l + 11 + 11 = s. What are the prime factors of l?
11
Let b = 15 + -15. List the prime factors of (104/(-8))/(-1 - b).
13
Suppose 2*g + 3*r - 737 = 0, 2*g + r = -3*g + 1823. What are the prime factors of g?
2, 7, 13
Suppose 2*x = 97 + 67. What are the prime factors of x?
2, 41
Let z = -18 - -10. Let o = z - -8. Let k = o + 5. What are the prime factors of k?
5
Let r(t) = 2*t**2 + 10*t + 24. List the prime factors of r(-10).
2, 31
Let b(q) = -16*q - 24. Let f(v) = 3*v + 5. Let g(n) = 2*b(n) + 11*f(n). List the prime factors of g(7).
2, 7
Let i be 2*(21/2)/7. What are the prime factors of 68/2 + i + 1?
2, 19
Suppose -2*j + 140 = 18. List the prime factors of j.
61
List the prime factors of (7/(21/6))/((-2)/(-88)).
2, 11
Let s = 4 - 2. Suppose -s*x - 12 = p - x, -3*x = 2*p + 21. Let d = -3 - p. List the prime factors of d.
2, 3
Let j = -6 - -20. Suppose -4 + j = 5*q. Let s(i) = 3*i**3 - 2*i**2 - 2*i. What are the prime factors of s(q)?
2, 3
Suppose 5*k - c - 60 = 0, 4*k = -5*c - 17 + 65. List the prime factors of k/(-18) + (-71)/(-3).
23
Let h(d) = -d + 6. Let u be h(6). Suppose -2*i + u*i + 44 = 0. Suppose 4*m = 4*j - 4, 3*m + 4*j - 2*j = i. What are the prime factors of m?
2
Suppose -4*j + 0*j - 238 = -5*a, a - 5*j - 56 = 0. Let v = 80 - a. What are the prime factors of v?
2, 17
List the prime factors of 176 - 4 - 3 - 0.
13
Suppose -p - o - o - 25 = 0, 0 = 2*o + 4. Suppose 3*k - 7 = d, -k - 3*k = 3*d + 47. Let v = d - p. List the prime factors of v.
2
Let m = -5 + 5. Suppose -2*y + o + 52 = -0*y, m = -5*y + 2*o + 130. What are the prime factors of y?
2, 13
Let m(r) = r - 3. Let q be m(5). Let j(w) = w**2 - 2. Let i be j(-2). Suppose 4*t = i*y + 10, -q*t + y = -t - 3. List the prime factors of t.
2
Suppose -9 - 1 = 2*r, 0 = -p - 3*r + 12. List the prime factors of p.
3
List the prime factors of 6/(-5)*(-14 - -4).
2, 3
Let k(t) = -3*t**3 + 14*t**2 - 6*t - 2. Let r(b) = -b**3 + 5*b**2 - 2*b - 1. Let y(a) = -3*k(a) + 8*r(a). Let c = 30 + -28. What are the prime factors of y(c)?
2
Let x(d) = -21*d + 1. List the prime factors of x(-3).
2
Let d = -2 - -6. Let u be 4/10 - 2/5. Suppose u = -8*p + d*p + 44. List the prime factors of p.
11
Suppose -2*j + 4*j - 44 = 0. List the prime factors of j.
2, 11
Let d 